). Suppose 4*h - h - 13 = -2*a, 2*a - 4*h = -22. Determine j(a).
-23
Let j(s) = s - 4*s + 1 - 6. Let n(c) = 7*c + 11. Let p(y) = 2*y**2 - 71*y + 26. Let q be p(35). Let t(r) = q*j(r) - 4*n(r). Calculate t(3).
-2
Let n(c) = c**3 + 4*c**2 + 2*c + 1. Let m = -61 + 58. Let j be (2 + m/2)*(-24)/4. What is n(j)?
4
Let h(u) = 3*u - 15. Let j(x) = -2*x + 10. Let w(m) = 5*h(m) + 8*j(m). Let l(b) = b**3 - 2*b**2 + b - 5. Let d be l(3). What is w(d)?
-2
Let s(j) = 7*j**2 + 7*j + 8. Suppose 0*l - 12 = 2*l. Let u(x) = 6*x**2 + 6*x + 7. Let k(r) = l*u(r) + 5*s(r). What is k(3)?
-14
Let k = 6 - 4. Let b(i) = k*i - 4 + 7*i - i**2 - 2*i + i. Determine b(6).
8
Let q be (-39)/(9/6*-1). Let y be 4/q + (-441)/(-91). Let n(r) = -5*r - 6 + 11*r - 5*r + 1 - 1. Give n(y).
-1
Let l = -101 + 97. Let n(p) be the first derivative of -p**3/3 - 5*p**2/2 - 5*p + 4. What is n(l)?
-1
Let s = -11 + 16. Suppose -5*j + 4*j = -s. Suppose -j = 3*n + 7. Let v(k) = 4*k + 3. Calculate v(n).
-13
Suppose o - 4*u = 5, 47*u - 43*u = -12. Let n(i) be the first derivative of -3*i**2/2 + i - 1. What is n(o)?
22
Let d(s) = -6*s + 5*s**3 - 8*s**3 + 4*s**3 - 5*s**2 + 1. Determine d(6).
1
Let m(d) = -d**2 - 18. Suppose -4 = -2*w - 2*h, 4*w = -3*h + 5 + 1. What is m(w)?
-18
Let w(j) = -j**3 - j**2 - 2*j - 1. Let l(x) = -x - 12. Let s be ((-20)/(-6))/(-2 - (-40)/24). Let z be l(s). Give w(z).
7
Let p(a) = -3*a + 2 - 1 + a. Let z(i) = i**3 + i**2 - 6*i - 3. Let u be z(-5). Let j = -69 - u. What is p(j)?
-7
Suppose 68 - 28 = -5*s. Let l(c) = c + 8. Give l(s).
0
Let u(j) be the third derivative of -j**4/24 - j**3/6 - 9*j**2 - 10. Let n be (-1 + 4 + -3)/2. Give u(n).
-1
Let y(a) be the first derivative of -a**4/4 - 4*a**3 + 8*a**2 + 18*a + 421. Calculate y(-13).
-21
Let z(s) = s + 6. Let b(u) = 2*u + 6. Let q(p) = 3*b(p) - 4*z(p). What is q(8)?
10
Let o(b) = -6*b - 7. Suppose -4*a - a - 5*d - 35 = 0, a = -4*d - 4. Calculate o(a).
41
Let h be 4/(-6) - 208/(-24). Suppose -56 = -h*l + 48. Let a = -11 + l. Let k(j) = -3*j**2 + 3*j - 2. What is k(a)?
-8
Let z(q) = -q**3 + 4*q**2 - q + 5. Suppose 0 = 5*o - 37 + 132. Let p = 9 + o. Let i = p + 14. What is z(i)?
1
Let r(w) = 35*w - 167*w - 14 + 37*w + 42*w + 43*w - w**2. Give r(-10).
-14
Let f(o) = o**2 + 8*o + 8. Let k(t) = t**2 + 10*t + 13. Let z(b) = 7*b + 7. Let a be z(-2). Let c be k(a). Calculate f(c).
8
Let i(m) = 5 - 61*m + 56*m + 3 - 6. Calculate i(6).
-28
Let t(k) = 9*k**3 + 2*k**2 + 2*k + 1. Suppose s = 59 - 57. Let z be s/3*-3*4/8. Calculate t(z).
-8
Let b(m) = -121*m**2 + 120*m**2 - 4 + 3 + 4*m. Determine b(4).
-1
Suppose -309 = 3*o - 303. Let f(y) = -6*y - 1. Determine f(o).
11
Let z = -68 + 14. Let g be 66/(-88) - z/8. Let k be g*4*(-1)/6. Let o(b) = 3*b + 6. Give o(k).
-6
Suppose -4*f = -4*u + 2 + 2, -2*u + 17 = 3*f. Let p = -6 + u. Let a(t) be the third derivative of t**6/120 + t**5/60 + t**3/6 + 8*t**2. Determine a(p).
-3
Let b(l) = l**2 + 2850 + l**3 - 2841 - 7*l**2 - l. What is b(6)?
3
Let r(m) = 2*m**2 + 121*m - 236*m + 118*m + m**3 + 7 - 5. Calculate r(-2).
-4
Let t(w) = w**2 + 3*w - 9. Let q(c) = 3*c**2 + 8*c - 28. Let v(u) = 4*q(u) - 11*t(u). Calculate v(0).
-13
Let y = 58 - 59. Let k(u) = -15*u**2 + u. Determine k(y).
-16
Let s(k) = -k**2 + 2*k - 6 + 3*k - 6*k. Let r be -4*6/9*-3. Suppose -2*z = -3*t - 6, z + t + 3*t = -r. Give s(z).
-6
Let n(m) be the second derivative of 0 + 1/60*m**5 + 0*m**3 + 1/240*m**6 + 0*m**2 + 2*m + 1/6*m**4. Let v(j) be the third derivative of n(j). Determine v(-3).
-7
Suppose 5*l = -3*o + 79, -l = -3*o - 21 - 2. Let m = -9 - -13. Suppose 3*f = 2*n - l, 5*n = 3*n + m*f + 22. Let h(x) = -5*x. Calculate h(n).
-5
Let r(p) = 0*p + 3*p - p - 4 + 1 + 4*p**2. Give r(-3).
27
Let d(i) be the second derivative of 27*i - 3*i**2 + 1/6*i**3 + 0. Suppose -26 = -2*s + 3*t, -5*s + 46 = -5*t - 9. Calculate d(s).
1
Let v(c) = c**3 - c**2 - 2*c. Let l be v(2). Let m(t) = 3*t - 3 + 1 + l + 5. Give m(-3).
-6
Let d be 142/(-20) + (-109)/(-1090). Let b(n) = n + 20. What is b(d)?
13
Let a be 1 - 2 - -4 - 3. Let q(u) = u - 5. Determine q(a).
-5
Let k(c) = -c**2 - 4. Let w(a) = -a. Let u(l) = k(l) - 4*w(l). Determine u(5).
-9
Let k(l) be the third derivative of l**5/30 - 2*l**4/3 - 10*l**3/3 - 309*l**2. What is k(9)?
-2
Let k(x) be the second derivative of -x**4/12 - 5*x**3/3 - 7*x**2 - 522*x. Calculate k(-6).
10
Let f(a) = 3*a**2 - 5*a + 6. Let u(l) = 17*l**2 - 24*l + 31. Let i(b) = 11*f(b) - 2*u(b). Give i(-4).
16
Let y(b) = -b**3 + b + 2. Let k(o) = -o**2 - 11*o. Let f be k(-11). Let l be y(f). Let t(r) = -r**3 - 2*r**2 - 2*r + 3. Determine t(l).
-17
Let y(h) = 7*h + 1. Let t(s) = s**2 - 7*s - 2. Let p = 102 + -95. Let c be t(p). Determine y(c).
-13
Let o(d) be the first derivative of 5*d**2/2 - 18*d + 91. What is o(5)?
7
Let h(n) be the second derivative of n**4/12 - n**3/2 + n**2 - n. Let x be h(4). Suppose -3*p = -6*p + x. Let g(v) = v**3 - 5*v**2 + 2*v + 2. Determine g(p).
-6
Let s be (-2 - 1)/(-6)*(-1 + 5). Let o(j) = -j**s + 5 - 14 + 0*j + 7*j. Suppose 2*b - 14 = -0*b. Determine o(b).
-9
Let z be (-2)/(-4) + (-2)/(-4). Let v be -2 - -1 - (-123)/3. Let f(o) = 41*o - v*o + 4*o**2 + 0 + z. Give f(-1).
4
Let b(l) = -l**3 + 7*l**2 - 4*l - 2. Let z(o) = 2*o**2 + 7*o - 9. Let j = -87 - -82. Let p be z(j). Determine b(p).
10
Suppose -6*r = -1 - 5. Let v(m) = r + 0 - 1 - 6*m - 1. What is v(1)?
-7
Let l(z) = -5*z + 8. Suppose 4*b + 3*y - 41 = 0, 5*y - 4 = -2*b + 9*y. What is l(b)?
-32
Let p = 5 + -3. Suppose 0 = 2*b - 15 - 21. Suppose p*s = 5*s + b. Let c(l) = 2*l + 6. What is c(s)?
-6
Suppose -108*u + 112*u + a - 11 = 0, 23 = 4*u + 5*a. Let i(w) = 1 - 2 + w - 2*w + 2*w**2 + w**3. Give i(u).
13
Let a(v) = -v**3 + 3*v**2 - 2*v - 2. Let o(i) = 3*i**2 - 2*i - 2. Let l(p) = -4*a(p) + 5*o(p). Determine l(2).
38
Let d = -99 + 90. Let f be 2/5*-3*30/d. Let l(u) = 3*u - 3. Determine l(f).
9
Suppose 32*n - 66 = 222. Let b(p) = -p**2 + 8*p + 11. Calculate b(n).
2
Let g(b) be the third derivative of b**6/120 - b**5/10 + b**4/24 - 3*b**3/2 - 9*b**2 + 3. Calculate g(6).
-3
Let q(h) be the second derivative of h**4/6 - 2*h**3/3 + 2*h**2 - 70*h. Give q(3).
10
Let x(t) be the second derivative of t**4/12 - 2*t**3/3 + 5*t**2/2 - 67*t. Let k be -2*(-2)/(4 + -3). Suppose 12 = 3*u - 2*z - 2, -k = -2*u - 4*z. Give x(u).
5
Let c(n) = n**3 + 8*n**2 + n + 5. Suppose -15*g = -12*g + 24. Determine c(g).
-3
Let t(g) = -2*g - 46*g**3 + 2*g - 2 + 3 + 40*g**3. Let m be 4/10 - 3/(-5). Calculate t(m).
-5
Let w(v) = -5*v**2 - 2*v. Let t(x) = 11*x - 175. Let a be t(16). Give w(a).
-7
Let i(l) be the third derivative of 0*l**4 + 0*l + 0 + 10*l**2 + 1/60*l**5 + 1/6*l**3. What is i(1)?
2
Let n(h) = 4*h**2 + 4*h + 7 - 2 - 3*h**2. Let l be n(-3). Let f(p) = 2*p**l + 3*p**3 - 7*p + 8*p - 2*p**3. Give f(-2).
-2
Let w = -3 + 28. Let a = -31 + w. Let h(g) = -g**2 - 4*g + 4. Let z(b) = 2*b**2 + 8*b - 7. Let q(p) = -11*h(p) - 6*z(p). Determine q(a).
-14
Let s = -14 - -20. Let m(r) = r + r + 0*r + 0*r - s. Let h(v) = -v + 7. Let n(c) = -4*h(c) - 5*m(c). Calculate n(2).
-10
Let c = 63 + -36. Let o be (-3 - (0 - -1))/(18/c). Let x(y) = 4 - 2 + y - 3. What is x(o)?
-7
Let a(h) be the third derivative of -h**5/30 - h**4/8 - h**3/2 - 404*h**2. Calculate a(-2).
-5
Let w(g) = -18*g**3 - g**2 - 2*g + 2. Let u be w(1). Let c(z) = z**3 + 18*z**2 - 19*z + 3. What is c(u)?
3
Let c(z) be the first derivative of 2*z + 2*z**2 + 1/2*z**4 + 5/3*z**3 - 37. What is c(-3)?
-19
Let n(u) = -u**3 + 9*u**2 - 8*u - 2. Let t be n(8). Let r(l) = -13*l**2 + l + 20. Let c(j) = 15*j**2 - j - 23. Let g(z) = -6*c(z) - 7*r(z). Give g(t).
4
Let r = -17 + 28. Let d(v) = r*v + 41*v - 4*v. Let l(u) = 7*u. Let x(c) = -2*d(c) + 15*l(c). What is x(1)?
9
Let z(t) be the first derivative of -3*t + t**3 - 1/2*t**2 - 1/4*t**4 - 10. What is z(3)?
-6
Let g(z) = 3*z**2 - z. Let s = 8 - 4. Let p be (-1)/(-4 + 3)*s. Suppose o = 5*o + p. Determine g(o).
4
Let s(c) = 72*c + 69*c - 142*c - 2 + 8. Determine s(-6).
12
Suppose -4*i + 4*x = 124, -3*i + 0*i - 3*x - 69 = 0. Let g = -25 - i. Let j(z) = -3*z**2 + 3*z - 2. Determine j(g).
-8
Let c(n) be the second derivative of -n**3/6 - 24*n. What is c(3)?
-3
Let a = -3 - -9. Suppose n + a = 4*n. Let s(h) = -h**2 + h**2 - h**n + 6*h - 4. Determine s(6).
-4
Let a(c) = -c**3 + 7*c**2 +